{"id":105,"date":"2017-10-04T18:34:56","date_gmt":"2017-10-04T18:34:56","guid":{"rendered":"http:\/\/inepa.si\/local-digital-democracy\/?page_id=105"},"modified":"2018-03-02T17:15:55","modified_gmt":"2018-03-02T17:15:55","slug":"priporocila-obcinam","status":"publish","type":"page","link":"https:\/\/inepa.si\/local-digital-democracy\/?page_id=105","title":{"rendered":"Priporo\u010dila ob\u010dinam za spodbujanje e-sodelovanja ob\u010danov"},"content":{"rendered":"<p>Na podlagi <span style=\"color: #0000ff;\"><a style=\"color: #0000ff;\" href=\"http:\/\/inepa.si\/local-digital-democracy\/?page_id=79\" target=\"_blank\" rel=\"noopener\">rezultatov<\/a><\/span> in <span style=\"color: #0000ff;\"><a style=\"color: #0000ff;\" href=\"http:\/\/inepa.si\/local-digital-democracy\/?page_id=103\" target=\"_blank\" rel=\"noopener\">analize<\/a><\/span> spletnega vpra\u0161alnika ter <span style=\"color: #0000ff;\"><a style=\"color: #0000ff;\" href=\"http:\/\/inepa.si\/local-digital-democracy\/?page_id=83\" target=\"_blank\" rel=\"noopener\">zaklju\u010dkov<\/a><\/span> regionalnih delavnic pozivamo slovenske ob\u010dine, da pri krepitvi vklju\u010devanja ob\u010danov v odlo\u010danje s pomo\u010djo interneta upo\u0161tevajo naslednja priporo\u010dila:<\/p>\n<hr \/>\n<h5>1) Preverjajo potrebe ob\u010danov za razli\u010dne oblike e-sodelovanja.<\/h5>\n<h5>2) Na\u010drtujejo in razvijajo orodja e-sodelovanja v dialogu z ob\u010dani.<\/h5>\n<h5>3) Upravljajo obstoje\u010da orodja e-sodelovanja na odgovoren, odziven in pregleden na\u010din.<\/h5>\n<h5>4) Javno poro\u010dajo o rezultatih in u\u010dinkih e-sodelovanja ob\u010danov.<\/h5>\n<h5>5) Izbolj\u0161ajo informiranost ob\u010danov o obstoje\u010dih mo\u017enostih e-sodelovanja.<\/h5>\n<h5>6) Vklju\u010dujejo dru\u017ebena omre\u017eja Facebook in Twitter (idr.) v podporo e-sodelovanju ob\u010danov, kadar je to smiselno.<\/h5>\n<hr \/>\n<p>Kako uporabljati Facebook za krepitev e-sodelovanja ob\u010danov? Pogovor z ameri\u0161kim strokovnjakom Stevenom Cliftom za RTVSLO (za\u010detek ob 14:06).<\/p>\n<p><a href=\"http:\/\/4d.rtvslo.si\/arhiv\/studio-city\/174502344\" target=\"_blank\" rel=\"noopener\"><img loading=\"lazy\" decoding=\"async\" class=\"aligncenter wp-image-553 size-full\" src=\"http:\/\/inepa.si\/local-digital-democracy\/wp-content\/uploads\/2018\/03\/Intervju-Steven-Clift-RTVSLO.png\" alt=\"\" width=\"788\" height=\"438\" srcset=\"https:\/\/www.inepa.si\/local-digital-democracy\/wp-content\/uploads\/2018\/03\/Intervju-Steven-Clift-RTVSLO.png 788w, https:\/\/www.inepa.si\/local-digital-democracy\/wp-content\/uploads\/2018\/03\/Intervju-Steven-Clift-RTVSLO-300x167.png 300w, https:\/\/www.inepa.si\/local-digital-democracy\/wp-content\/uploads\/2018\/03\/Intervju-Steven-Clift-RTVSLO-768x427.png 768w\" sizes=\"auto, (max-width: 788px) 100vw, 788px\" \/><\/a><\/p>\n","protected":false},"excerpt":{"rendered":"<p>Na podlagi rezultatov in analize spletnega vpra\u0161alnika ter zaklju\u010dkov regionalnih delavnic pozivamo slovenske ob\u010dine, da pri krepitvi vklju\u010devanja ob\u010danov v odlo\u010danje s pomo\u010djo interneta upo\u0161tevajo naslednja priporo\u010dila: 1) Preverjajo potrebe ob\u010danov za razli\u010dne oblike e-sodelovanja. 2) Na\u010drtujejo in razvijajo orodja e-sodelovanja v dialogu z ob\u010dani. 3) Upravljajo obstoje\u010da orodja e-sodelovanja na odgovoren, odziven in pregleden [&hellip;]<\/p>\n","protected":false},"author":1,"featured_media":0,"parent":0,"menu_order":0,"comment_status":"closed","ping_status":"closed","template":"","meta":{"footnotes":""},"class_list":["post-105","page","type-page","status-publish","hentry"],"_links":{"self":[{"href":"https:\/\/inepa.si\/local-digital-democracy\/index.php?rest_route=\/wp\/v2\/pages\/105","targetHints":{"allow":["GET"]}}],"collection":[{"href":"https:\/\/inepa.si\/local-digital-democracy\/index.php?rest_route=\/wp\/v2\/pages"}],"about":[{"href":"https:\/\/inepa.si\/local-digital-democracy\/index.php?rest_route=\/wp\/v2\/types\/page"}],"author":[{"embeddable":true,"href":"https:\/\/inepa.si\/local-digital-democracy\/index.php?rest_route=\/wp\/v2\/users\/1"}],"replies":[{"embeddable":true,"href":"https:\/\/inepa.si\/local-digital-democracy\/index.php?rest_route=%2Fwp%2Fv2%2Fcomments&post=105"}],"version-history":[{"count":17,"href":"https:\/\/inepa.si\/local-digital-democracy\/index.php?rest_route=\/wp\/v2\/pages\/105\/revisions"}],"predecessor-version":[{"id":557,"href":"https:\/\/inepa.si\/local-digital-democracy\/index.php?rest_route=\/wp\/v2\/pages\/105\/revisions\/557"}],"wp:attachment":[{"href":"https:\/\/inepa.si\/local-digital-democracy\/index.php?rest_route=%2Fwp%2Fv2%2Fmedia&parent=105"}],"curies":[{"name":"wp","href":"https:\/\/api.w.org\/{rel}","templated":true}]}}